f 17?
False
Does 10 divide 5204?
False
Is 6 a factor of 563753?
False
Is 20190 a multiple of 5?
True
Does 912 divide 8021040?
True
Does 799 divide 1329814?
False
Does 403 divide 98066?
False
Is 417 a factor of 3116241?
True
Is 7832 a multiple of 356?
True
Does 220 divide 654401?
False
Is 752115 a multiple of 5?
True
Is 50777 a multiple of 27?
False
Is 2187365 a multiple of 38?
False
Is 6373180 a multiple of 1180?
True
Does 327 divide 1047708?
True
Is 2536755 a multiple of 16?
False
Is 718350 a multiple of 41?
False
Does 13 divide 351191?
False
Does 32 divide 138688?
True
Does 26 divide 4939506?
True
Is 12 a factor of 1078340?
False
Is 16 a factor of 179904?
True
Is 19 a factor of 154109?
True
Is 1285760 a multiple of 28?
True
Does 9 divide 734185?
False
Is 8 a factor of 2238627?
False
Is 7719701 a multiple of 20?
False
Is 17204033 a multiple of 627?
False
Does 192 divide 158023?
False
Is 16 a factor of 2387024?
True
Does 49 divide 126258?
False
Does 14 divide 596554?
True
Is 51 a factor of 517056?
False
Is 1178040 a multiple of 10?
True
Does 38 divide 1963261?
False
Is 66 a factor of 411998?
False
Is 130293 a multiple of 24?
False
Is 226 a factor of 2114389?
False
Is 5104 a multiple of 116?
True
Is 10 a factor of 84560?
True
Is 11 a factor of 290290?
True
Is 40686 a multiple of 10?
False
Is 12408912 a multiple of 2192?
True
Is 59850 a multiple of 10?
True
Is 280 a factor of 9135280?
True
Is 3 a factor of 25445?
False
Does 420 divide 1432620?
True
Does 16 divide 849802?
False
Is 3 a factor of 2519?
False
Is 2215836 a multiple of 63?
True
Is 347 a factor of 147213?
False
Is 640 a factor of 1660665?
False
Is 8919537 a multiple of 43?
False
Is 1927601 a multiple of 29?
True
Is 7659120 a multiple of 94?
True
Is 40 a factor of 699939?
False
Is 2931690 a multiple of 10?
True
Does 388 divide 512936?
True
Is 8 a factor of 926806?
False
Does 120 divide 44760?
True
Is 304 a factor of 2907152?
True
Is 3149478 a multiple of 114?
True
Is 385 a factor of 3460380?
True
Does 7 divide 389354?
True
Is 76 a factor of 984652?
False
Is 44 a factor of 447009?
False
Is 358487 a multiple of 18?
False
Does 50 divide 98769?
False
Is 467779 a multiple of 22?
False
Is 13829802 a multiple of 219?
False
Is 9604650 a multiple of 10?
True
Does 8 divide 8359416?
True
Is 1306375 a multiple of 27?
False
Does 13 divide 14755949?
True
Does 14 divide 14549085?
False
Is 147 a factor of 1994513?
False
Is 104 a factor of 1277224?
True
Is 25 a factor of 63269?
False
Is 2227821 a multiple of 70?
False
Is 108238 a multiple of 11?
False
Is 748821 a multiple of 214?
False
Is 16 a factor of 537044?
False
Does 3 divide 79083?
True
Does 174 divide 1106814?
True
Does 7 divide 81072?
False
Does 156 divide 168948?
True
Is 28 a factor of 1257450?
False
Is 2447922 a multiple of 114?
True
Is 123594 a multiple of 6?
True
Does 10 divide 483812?
False
Is 300090 a multiple of 5?
True
Is 1444524 a multiple of 51?
True
Is 129618 a multiple of 22?
False
Is 3069082 a multiple of 281?
True
Is 2919189 a multiple of 1547?
True
Does 93 divide 1568724?
True
Is 1284530 a multiple of 103?
False
Does 34 divide 274006?
True
Is 209493 a multiple of 9?
True
Does 739 divide 835809?
True
Does 134 divide 885606?
True
Does 29 divide 39105?
False
Is 446 a factor of 5093712?
False
Is 133 a factor of 8574377?
True
Is 371 a factor of 1972882?
False
Is 1007695 a multiple of 37?
True
Is 1194772 a multiple of 15?
False
Is 726212 a multiple of 544?
False
Does 3 divide 49890?
True
Does 441 divide 5535274?
False
Is 8 a factor of 226832?
True
Is 7103746 a multiple of 26?
True
Is 12190 a multiple of 573?
False
Is 70 a factor of 322210?
True
Is 10343520 a multiple of 396?
True
Is 858 a factor of 7826824?
False
Is 4 a factor of 56193?
False
Does 16 divide 220528?
True
Is 380 a factor of 220871?
False
Is 53592 a multiple of 14?
True
Is 252752 a multiple of 19?
False
Is 34 a factor of 273156?
True
Is 276501 a multiple of 111?
True
Is 666 a factor of 13570945?
False
Does 7 divide 128651?
False
Is 164 a factor of 21583056?
True
Is 101538 a multiple of 2?
True
Is 11 a factor of 29714?
False
Is 5070120 a multiple of 920?
True
Is 14 a factor of 112008?
False
Is 49588 a multiple of 77?
True
Is 19 a factor of 1020851?
True
Does 52 divide 1200472?
True
Does 29 divide 2828499?
False
Is 4538888 a multiple of 71?
True
Is 211 a factor of 591011?
True
Is 93 a factor of 389949?
True
Is 3760992 a multiple of 40?
False
Does 330 divide 9385376?
False
Does 28 divide 146048?
True
Is 44 a factor of 435565?
False
Does 7 divide 86851?
False
Does 4 divide 14504?
True
Does 72 divide 3628584?
True
Does 31 divide 1399309?
True
Is 98230 a multiple of 102?
False
Is 91 a factor of 1046379?
False
Is 98137 a multiple of 13?
True
Is 3 a factor of 92721?
True
Does 184 divide 10410720?
True
Does 16 divide 2172010?
False
Does 425 divide 1811775?
True
Is 468557 a multiple of 3?
False
Is 66924 a multiple of 6?
True
Does 32 divide 391993?
False
Is 7 a factor of 6201?
False
Is 33 a factor of 1675311?
True
Is 52 a factor of 693618?
False
Does 12 divide 41004?
True
Does 290 divide 613983?
False
Is 41 a factor of 240301?
True
Is 276 a factor of 124797?
False
Is 73 a factor of 549325?
True
Is 1528646 a multiple of 14?
True
Does 28 divide 298928?
True
Is 194 a factor of 359676?
True
Does 12 divide 3154140?
True
Does 428 divide 613024?
False
Does 5 divide 38035?
True
Is 30 a factor of 61361?
False
Is 159245 a multiple of 8?
False
Is 39 a factor of 845249?
False
Is 4581588 a multiple of 569?
True
Does 153 divide 1633551?
False
Is 1158 a factor of 1548246?
True
Is 58 a factor of 67185?
False
Is 1810526 a multiple of 309?
False
Is 422920 a multiple of 54?
False
Is 86247 a multiple of 9?
True
Is 386 a factor of 16939?
False
Is 1659730 a multiple of 6?
False
Does 12 divide 518?
False
Is 372 a factor of 4479624?
True
Is 71346 a multiple of 11?
True
Is 512164 a multiple of 15?
False
Does 7 divide 7299705?
True
Does 196 divide 193648?
True
Does 56 divide 11417560?
True
Is 17 a factor of 678000?
False
Is 943048 a multiple of 175?
False
Is 108 a factor of 4779540?
True
Is 974 a factor of 1719110?
True
Is 2274025 a multiple of 25?
True
Is 92 a factor of 3416972?
True
Does 38 divide 76228?
True
Is 30 a factor of 133860?
True
Is 18 a factor of 462942?
True
Does 104 divide 1078376?
True
Does 213 divide 1917?
True
Is 93080 a multiple of 260?
True
Is 330 a factor of 3453792?
False
Is 86 a factor of 230924?
False
Is 110268 a multiple of 6?
True
Does 862 divide 3262670?
True
Does 114 divide 236430?
False
Does 134 divide 5650925?
False
Is 8 a factor of 136000?
True
Does 17 divide 313428?
False
Does 29 divide 72239?
True
Is 878 a factor of 4698178?
True
Is 2 a factor of 26387?
False
Is 1705616 a multiple of 121?
True
Is 295469 a multiple of 325?
False
Is 1699772 a multiple of 38?
False
Is 118384 a multiple of 39?
False
Is 364513 a multiple of 280?
False
Is 6553 a multiple of 41?
False
Does 22 divide 531256?
True
Is 156800 a multiple of 16?
True
Is 74014 a multiple of 46?
True
Is 10 a factor of 633550?
True
Does 1026 divide 422712?
True
Does 18 divide 143406?
True
Does 13 divide 137139?
False
Does 19 divide 654103?
False
Is 92211 a multiple of 33?
False
Is 1030256 a multiple of 16?
True
Is 53823 a multiple of 41?
False
Is 223200 a multiple of 310?
True
Is 25 a factor of 162341?
False
Is 3209220 a multiple of 14?
True
Is 15 a factor of 8194?
False
Is 6114688 a multiple of 536?
True
Is 564504 a multiple of 4?
True
Is 1323216 a multiple of 24?
True
Is 6576216 a multiple of 12?
True
Does 308 divide 3625685?
False
Is 49 a factor of 2926770?
True
Does 50 divide 1309000?
True
Is 241593 a multiple of 23?
False
Does 5 divide 485735?
True
Does 458 divide 327050?
False
Is 1191384 a multiple of 18?
True
Does 26 divide 131872?
True
Does 66 divide 1373658?
True
Does 782 divide 9956832?
False
Does 4 divide 8996749?
False
Is 52741 a multiple of 13?
True
Is 97568 even?
True
Is 20380 a multiple of 5?
True
Does 121 divide 638317?
False
Does 146 divide 187902?
True
Is 18 a factor of 815166?
True
Is 1131312 a multiple of 364?
True
Is 22 a factor of 20122410?
True
Is 6 a factor of 107066?
False
Does 32 divide 429344?
True
Is 53 a factor of 55622?
False
Is 149 a factor of 13443972?
True
Does 13 divide 4436653?
True
Doe